{"id":2617,"date":"2026-06-04T12:19:50","date_gmt":"2026-06-04T12:19:50","guid":{"rendered":"https:\/\/www.institutfrancaismali.org\/?post_type=event&#038;p=2617"},"modified":"2026-06-04T12:19:52","modified_gmt":"2026-06-04T12:19:52","slug":"musique-cycle-fete-de-la-musique-showcase-amy-djan","status":"publish","type":"event","link":"https:\/\/www.institutfrancaismali.org\/event\/musique-cycle-fete-de-la-musique-showcase-amy-djan\/","title":{"rendered":"MUSIQUE | CYCLE F\u00eaTE DE LA MUSIQUE | SHOWCASE AMY DJAN"},"content":{"rendered":"\n<p class=\"wp-block-paragraph\">Amy Djan est une artiste franco-malienne \u00e9voluant entre la France et le Mali. Son univers musical navigue entre soul, neo soul, reggae et influences afro-contemporaines, port\u00e9 par une voix sensible et une pr\u00e9sence sc\u00e9nique singuli\u00e8re.<\/p>\n\n\n\n<p class=\"wp-block-paragraph\">\u00c0 travers ses compositions et performances, elle d\u00e9veloppe une identit\u00e9 artistique nourrie de multiples influences culturelles, entre h\u00e9ritages africains et sonorit\u00e9s modernes. Son travail explore des atmosph\u00e8res \u00e0 la fois intimistes, chaleureuses et engag\u00e9es, o\u00f9 se croisent \u00e9motion, groove et libert\u00e9 musicale.<br>Dans le cadre de cette rencontre musicale, l\u2019Institut fran\u00e7ais du Mali invite le public \u00e0 venir d\u00e9couvrir le nouvel EP de l\u2019artiste lors d\u2019une soir\u00e9e sp\u00e9ciale pens\u00e9e comme un moment de partage, d\u2019\u00e9coute et de d\u00e9couverte artistique.<\/p>\n\n\n\n<p class=\"wp-block-paragraph\">Entre showcase live et \u00e9changes autour de son univers musical, cette soir\u00e9e offrira une immersion dans les nouvelles cr\u00e9ations d\u2019Amy Djan, figure \u00e9mergente d\u2019une sc\u00e8ne afro-contemporaine en dialogue constant entre le Mali et la France.<\/p>\n\n\n\n<p class=\"wp-block-paragraph\"><strong>Tarif : Sur invitation<\/strong><\/p>\n\n\n\n<p class=\"wp-block-paragraph\"><\/p>\n","protected":false},"excerpt":{"rendered":"<p>Amy Djan est une artiste franco-malienne \u00e9voluant entre la France et le Mali. Son univers musical navigue entre soul, neo soul, reggae et influences afro-contemporaines, port\u00e9 par une voix sensible et une pr\u00e9sence sc\u00e9nique singuli\u00e8re. \u00c0 travers ses compositions et performances, elle d\u00e9veloppe une identit\u00e9 artistique nourrie de multiples influences culturelles, entre h\u00e9ritages africains et [&hellip;]<\/p>\n","protected":false},"author":1,"featured_media":2618,"comment_status":"open","ping_status":"closed","template":"","meta":{"site-sidebar-layout":"default","site-content-layout":"","ast-site-content-layout":"default","site-content-style":"default","site-sidebar-style":"default","ast-global-header-display":"","ast-banner-title-visibility":"","ast-main-header-display":"","ast-hfb-above-header-display":"","ast-hfb-below-header-display":"","ast-hfb-mobile-header-display":"","site-post-title":"","ast-breadcrumbs-content":"","ast-featured-img":"","footer-sml-layout":"","ast-disable-related-posts":"","theme-transparent-header-meta":"","adv-header-id-meta":"","stick-header-meta":"","header-above-stick-meta":"","header-main-stick-meta":"","header-below-stick-meta":"","astra-migrate-meta-layouts":"set","ast-page-background-enabled":"default","ast-page-background-meta":{"desktop":{"background-color":"var(--ast-global-color-4)","background-image":"","background-repeat":"repeat","background-position":"center center","background-size":"auto","background-attachment":"scroll","background-type":"","background-media":"","overlay-type":"","overlay-color":"","overlay-opacity":"","overlay-gradient":""},"tablet":{"background-color":"","background-image":"","background-repeat":"repeat","background-position":"center center","background-size":"auto","background-attachment":"scroll","background-type":"","background-media":"","overlay-type":"","overlay-color":"","overlay-opacity":"","overlay-gradient":""},"mobile":{"background-color":"","background-image":"","background-repeat":"repeat","background-position":"center center","background-size":"auto","background-attachment":"scroll","background-type":"","background-media":"","overlay-type":"","overlay-color":"","overlay-opacity":"","overlay-gradient":""}},"ast-content-background-meta":{"desktop":{"background-color":"var(--ast-global-color-5)","background-image":"","background-repeat":"repeat","background-position":"center center","background-size":"auto","background-attachment":"scroll","background-type":"","background-media":"","overlay-type":"","overlay-color":"","overlay-opacity":"","overlay-gradient":""},"tablet":{"background-color":"var(--ast-global-color-5)","background-image":"","background-repeat":"repeat","background-position":"center center","background-size":"auto","background-attachment":"scroll","background-type":"","background-media":"","overlay-type":"","overlay-color":"","overlay-opacity":"","overlay-gradient":""},"mobile":{"background-color":"var(--ast-global-color-5)","background-image":"","background-repeat":"repeat","background-position":"center center","background-size":"auto","background-attachment":"scroll","background-type":"","background-media":"","overlay-type":"","overlay-color":"","overlay-opacity":"","overlay-gradient":""}}},"event_category":[29,34],"event_tag":[],"class_list":["post-2617","event","type-event","status-publish","has-post-thumbnail","hentry","event_category-a-la-une","event_category-musique"],"_links":{"self":[{"href":"https:\/\/www.institutfrancaismali.org\/wp-json\/wp\/v2\/event\/2617","targetHints":{"allow":["GET"]}}],"collection":[{"href":"https:\/\/www.institutfrancaismali.org\/wp-json\/wp\/v2\/event"}],"about":[{"href":"https:\/\/www.institutfrancaismali.org\/wp-json\/wp\/v2\/types\/event"}],"author":[{"embeddable":true,"href":"https:\/\/www.institutfrancaismali.org\/wp-json\/wp\/v2\/users\/1"}],"replies":[{"embeddable":true,"href":"https:\/\/www.institutfrancaismali.org\/wp-json\/wp\/v2\/comments?post=2617"}],"wp:featuredmedia":[{"embeddable":true,"href":"https:\/\/www.institutfrancaismali.org\/wp-json\/wp\/v2\/media\/2618"}],"wp:attachment":[{"href":"https:\/\/www.institutfrancaismali.org\/wp-json\/wp\/v2\/media?parent=2617"}],"wp:term":[{"taxonomy":"event_category","embeddable":true,"href":"https:\/\/www.institutfrancaismali.org\/wp-json\/wp\/v2\/event_category?post=2617"},{"taxonomy":"event_tag","embeddable":true,"href":"https:\/\/www.institutfrancaismali.org\/wp-json\/wp\/v2\/event_tag?post=2617"}],"curies":[{"name":"wp","href":"https:\/\/api.w.org\/{rel}","templated":true}]}}

MUSIQUE | CYCLE FêTE DE LA MUSIQUE | SHOWCASE AMY DJAN

<p class="wp-block-paragraph">Amy Djan est une artiste franco-malienne évoluant entre la France et le Mali. Son univers musical navigue entre soul, neo soul, reggae et influences afro-contemporaines, porté par une voix sensible et une présence scénique singulière.</p>



<p class="wp-block-paragraph">À travers ses compositions et performances, elle développe une identité artistique nourrie de multiples influences culturelles, entre héritages africains et sonorités modernes. Son travail explore des atmosphères à la fois intimistes, chaleureuses et engagées, où se croisent émotion, groove et liberté musicale.<br>Dans le cadre de cette rencontre musicale, l’Institut français du Mali invite le public à venir découvrir le nouvel EP de l’artiste lors d’une soirée spéciale pensée comme un moment de partage, d’écoute et de découverte artistique.</p>



<p class="wp-block-paragraph">Entre showcase live et échanges autour de son univers musical, cette soirée offrira une immersion dans les nouvelles créations d’Amy Djan, figure émergente d’une scène afro-contemporaine en dialogue constant entre le Mali et la France.</p>



<p class="wp-block-paragraph"><strong>Tarif : Sur invitation</strong></p>



<p class="wp-block-paragraph"></p>

<p>Amy Djan est une artiste franco-malienne évoluant entre la France et le Mali. Son univers musical navigue entre soul, neo soul, reggae et influences afro-contemporaines, porté par une voix sensible et une présence scénique singulière. À travers ses compositions et performances, elle développe une identité artistique nourrie de multiples influences culturelles, entre héritages africains et [&hellip;]</p>
